illions digit of 136048487?
1
What is the tens digit of 1221615088?
8
What is the ten thousands digit of 4752530959?
3
What is the hundred millions digit of 110045454?
1
What is the hundred thousands digit of 9315544?
3
What is the ten thousands digit of 2424058309?
5
What is the units digit of 3716191886?
6
What is the ten thousands digit of 107521553?
2
What is the thousands digit of 63009781?
9
What is the ten thousands digit of 34707912?
0
What is the hundreds digit of 504734123?
1
What is the tens digit of 236042169?
6
What is the thousands digit of 41285439?
5
What is the hundreds digit of 1555474334?
3
What is the ten thousands digit of 85719907?
1
What is the units digit of 792911183?
3
What is the thousands digit of 239382616?
2
What is the millions digit of 26628332?
6
What is the units digit of 16464386?
6
What is the millions digit of 3053949683?
3
What is the hundreds digit of 5190487521?
5
What is the millions digit of 51155531?
1
What is the ten thousands digit of 321398938?
9
What is the hundreds digit of 312864498?
4
What is the hundred millions digit of 248169346?
2
What is the millions digit of 305918850?
5
What is the millions digit of 1829295252?
9
What is the tens digit of 505851808?
0
What is the hundreds digit of 4926283?
2
What is the hundred thousands digit of 327598137?
5
What is the ten thousands digit of 2470506993?
0
What is the units digit of 8246575351?
1
What is the hundred millions digit of 232810749?
2
What is the ten thousands digit of 16450511?
5
What is the tens digit of 8366485?
8
What is the billions digit of 3240622882?
3
What is the ten millions digit of 131210609?
3
What is the tens digit of 79574265?
6
What is the ten thousands digit of 2236342654?
4
What is the hundred thousands digit of 36503859?
5
What is the ten thousands digit of 74807011?
0
What is the hundred millions digit of 2625290277?
6
What is the hundreds digit of 28885934?
9
What is the millions digit of 865822739?
5
What is the thousands digit of 27649536?
9
What is the hundred thousands digit of 174785815?
7
What is the hundred thousands digit of 16978798?
9
What is the hundred thousands digit of 131051771?
0
What is the hundreds digit of 9213229?
2
What is the hundred thousands digit of 71102292?
1
What is the units digit of 229707916?
6
What is the units digit of 19937802?
2
What is the hundred millions digit of 231645592?
2
What is the hundred millions digit of 2023229113?
0
What is the billions digit of 2954439955?
2
What is the ten thousands digit of 344124300?
2
What is the hundred thousands digit of 385830820?
8
What is the ten millions digit of 1028673984?
2
What is the thousands digit of 55780859?
0
What is the tens digit of 12552282?
8
What is the hundreds digit of 383973741?
7
What is the hundreds digit of 541917296?
2
What is the ten thousands digit of 950971258?
7
What is the hundred millions digit of 242653157?
2
What is the ten thousands digit of 1797556342?
5
What is the units digit of 2368394241?
1
What is the thousands digit of 133319458?
9
What is the hundreds digit of 2778171130?
1
What is the hundreds digit of 5795929094?
0
What is the billions digit of 4886788925?
4
What is the ten millions digit of 2967288022?
6
What is the ten thousands digit of 141614562?
1
What is the ten millions digit of 3131521292?
3
What is the ten thousands digit of 61251417?
5
What is the thousands digit of 7750818316?
8
What is the units digit of 655422247?
7
What is the hundred thousands digit of 1450334727?
3
What is the ten millions digit of 24734692?
2
What is the hundreds digit of 237343015?
0
What is the millions digit of 2312793525?
2
What is the hundred thousands digit of 746076753?
0
What is the hundreds digit of 2176879529?
5
What is the hundreds digit of 15084504?
5
What is the tens digit of 403963741?
4
What is the ten thousands digit of 94139859?
3
What is the millions digit of 271319452?
1
What is the millions digit of 165715094?
5
What is the hundreds digit of 802075?
0
What is the thousands digit of 268942679?
2
What is the hundreds digit of 3534853153?
1
What is the hundreds digit of 44342762?
7
What is the ten millions digit of 862176112?
6
What is the thousands digit of 56543398?
3
What is the ten millions digit of 1970318201?
7
What is the ten millions digit of 5785217428?
8
What is the tens digit of 167013984?
8
What is the thousands digit of 1240896330?
6
What is the hundred thousands digit of 66931384?
9
What is the units digit of 400965122?
2
What is the hundreds digit of 1808131542?
5
What is the hundred thousands digit of 120599813?
5
What is the units digit of 1776677820?
0
What is the thousands digit of 5870196737?
6
What is the hundred millions digit of 278970129?
2
What is the ten millions digit of 160858559?
6
What is the ten thousands digit of 1629099825?
9
What is the ten millions digit of 80781207?
8
What is the hundreds digit of 81608065?
0
What is the units digit of 67881145?
5
What is the ten thousands digit of 132723462?
2
What is the ten thousands digit of 159744447?
4
What is the thousands digit of 4411337990?
7
What is the hundred millions digit of 134112233?
1
What is the ten thousands digit of 15287386?
8
What is the hundreds digit of 223196571?
5
What is the millions digit of 2023317880?
3
What is the hundred millions digit of 384592413?
3
What is the ten millions digit of 83732960?
8
What is the hundred thousands digit of 118687148?
6
What is the units digit of 73959204?
4
What is the hundreds digit of 129907357?
3
What is the hundreds digit of 151796218?
2
What is the tens digit of 2240693658?
5
What is the units digit of 30035414?
4
What is the billions digit of 2931289785?
2
What is the units digit of 1242928496?
6
What is the units digit of 517766323?
3
What is the tens digit of 76329093?
9
What is the thousands digit of 175838488?
8
What is the units digit of 40373825?
5
What is the hundred millions digit of 7633945695?
6
What is the hundreds digit of 345585389?
3
What is the units digit of 1590024208?
8
What is the hundred thousands digit of 500630666?
6
What is the hundreds digit of 3635943294?
2
What is the hundred thousands digit of 258771550?
7
What is the thousands digit of 29717979?
7
What is the ten thousands digit of 6178805701?
0
What is the units digit of 41428196?
6
What is the thousands digit of 230334778?
4
What is the units digit of 517151197?
7
What is the ten thousands digit of 412758435?
5
What is the hundred thousands digit of 254587163?
5
What is the hundred millions digit of 2404926223?
4
What is the millions digit of 73201108?
3
What is the hundreds digit of 6329643?
6
What is the ten thousands digit of 4506529615?
2
What is the hundred millions digit of 3134598310?
1
What is the hundred thousands digit of 8596460467?
4
What is the units digit of 296663974?
4
What is the hundreds digit of 339473892?
8
What is the millions digit of 673154559?
3
What is the hundreds digit of 20161915?
9
What is the millions digit of 569495769?
9
What is the hundreds digit of 819124?
1
What is the tens digit of 420940750?
5
What is the ten thousands digit of 1131247303?
4
What is the tens digit of 1504385483?
8
What is the hundreds digit of 180693137?
1
What is the units digit of 89788650?
0
What is the thousands digit of 345030322?
0
What is the ten millions digit of 47305335?
4
What is the millions digit of 57322517?
7
What is the units digit of 31843856?
6
What is the ten thousands digit of 81822701?
2
What is the hundred thousands digit of 13427047?
4
What is the ten millions digit of 32129200?
3
What is the millions digit of 738109637?
8
What is the millions digit of 126497808?
6
What is the hundred millions digit of 1440298138?
4
What is the ten millions digit of 634198624?
3
What is the thousands digit of 93368361?
8
What is the millions digit of 89952107?
9
What is the hundred millions digit of 1140171264?
1
What is the hundreds digit of 51776665?
6
What is the millions digit of 386387132?
6
What is the thousands digit of 382269630?
9
What is the tens digit of 28546653?
5
What is the ten millions digit of 3247026273?
4
What is the millions digit of 18041784?
8
What is the units digit of 50355751?
1
What is the millions digit of 1483091413?
3
What is the ten thousands digi